40*v - 30. What is the hundreds digit of f(18)?
5
Let k(d) = d**3 + 8*d**2 + 7*d + 6. Let w = 33 - 38. What is the units digit of k(w)?
6
Let m(r) = -r**3 + r**2 - 5*r + 1. Let j be m(5). What is the tens digit of (-4 + 3)*-3 - j?
2
Suppose r + 2*z - 139 = 0, -r + 282 = r + 5*z. Suppose 10*w - 350 = -5*a + 5*w, 3*a = w + 230. Let g = r - a. What is the units digit of g?
6
Let y(z) = 13*z + 18. Let b be y(6). Suppose c = 2*c - b. What is the tens digit of c?
9
Let k(d) = d**3 + 10*d**2 - 10*d + 4. Let m(z) = 1. Let o(w) = -k(w) + 5*m(w). Suppose -9*y - 82 = 17. What is the tens digit of o(y)?
1
Let b(t) = -t**2 + 9*t + 13. Let z be b(10). Let n be 8/(7 - z) - 2. Suppose -4*v = -n*v - 112. What is the tens digit of v?
2
Let p(c) be the second derivative of c**5/20 + 5*c**4/6 + 4*c**3/3 + 10*c**2 - 19*c. What is the tens digit of p(-9)?
2
Let n be 22/(-33) - 154/3. Let d = n - -119. What is the tens digit of d?
6
Let l = 124 + -120. Suppose y - j - 24 = 0, -3*y - 2*y = -l*j - 122. What is the tens digit of y?
2
Suppose 0 = -3*q - 9, 5*q = 7*v - 6*v - 62. What is the units digit of v?
7
Let i = 719 - -2591. What is the thousands digit of i?
3
Suppose 18*z = 23*z - 4940. What is the units digit of z?
8
Let p(t) = 43*t**2 + 83*t - 24. What is the thousands digit of p(8)?
3
Let k(v) = v**2 + 13*v + 78. What is the hundreds digit of k(-24)?
3
Suppose -i + 2 = 2*m + 3*i, 0 = 3*m - i - 24. Let x = -6 + m. What is the units digit of x + -2 + (10 - 1)?
8
Let m(u) = -78*u + 115. What is the tens digit of m(-19)?
9
What is the thousands digit of (168800/(-250))/(2/(-5))?
1
Suppose 5*z = -4*m - 966, 2*z + 3*m - 72 = -464. Let v = 270 + z. What is the units digit of v?
0
Suppose s = -4*l + 777, 3*l = -3*s + 519 + 1821. What is the tens digit of s?
8
Let c(t) = 2*t**3 + 9*t**2 - 26*t + 26. What is the hundreds digit of c(7)?
9
Let n(f) = 7*f - 17. Suppose -2*o + 7 = 1. Suppose -7*p + o*p + 28 = 0. What is the units digit of n(p)?
2
Let v = 5 - 1. Let d be 10*(3 - 7)/v. Let k = 24 + d. What is the tens digit of k?
1
Let c = 1474 + -730. What is the units digit of c?
4
Let x = 2129 - 960. What is the thousands digit of x?
1
Let s(w) be the third derivative of -5*w**4/24 - w**3/6 - 8*w**2. Let r(b) = b + 2. Let c be r(-4). What is the units digit of s(c)?
9
Let r(l) = -501*l**2 + 16*l + 6. Let p(y) = -100*y**2 + 3*y + 1. Let h(c) = -11*p(c) + 2*r(c). Let b be h(1). Let n = b - 58. What is the tens digit of n?
4
What is the tens digit of (-758070)/(-1215) + 2/27?
2
Suppose 37*l = 29*l + 16056. What is the hundreds digit of l?
0
Let m(d) = 0*d**3 + 0*d**2 + 7*d**2 + 15*d - 20*d + d**3 - 7. What is the tens digit of m(-6)?
5
Let r = 24 + -14. What is the hundreds digit of r/(-8) + 1227/12?
1
Let c(o) = -9*o + 21 + 7 + 1 + 5. What is the tens digit of c(-8)?
0
Suppose -2*h + 115 = -333. Suppose 0 = -4*y + 5*z + 224, -4*y + h = -z + 4*z. Let j = y + -34. What is the tens digit of j?
2
Suppose 267*l - 264*l = 1491. What is the hundreds digit of l?
4
Suppose -4*w - 2*r + 49 + 381 = 0, 0 = -4*w + 3*r + 405. Suppose 4*z = 0, 6*b + 5*z = b + w. What is the units digit of b?
1
Let q be -3 + 3/(-9)*0. Let g = -4 - q. What is the units digit of (-250)/(-5)*g/(-2)?
5
Let y(x) = x**3 + 7*x**2 - 17*x + 15. Let o be y(-9). Let i = 36 + o. What is the units digit of i?
2
Let k = -3 - -4. Let t(a) = 13*a**3 + 10*a**3 + a - 9*a**3 - a**2 - 1. What is the tens digit of t(k)?
1
Suppose -z - u = -4796, -4*z + 3*z + 4796 = -5*u. What is the hundreds digit of z/20 + (-8)/10?
2
Let v(k) = k**2 - 2*k + 1. Let r be v(4). Let n be (-3)/r*(-24)/4. Let q = 0 + n. What is the units digit of q?
2
Let x be 52/(-6) + 4/6. Let k(n) be the third derivative of -n**5/60 - 5*n**4/12 + 5*n**3/6 - 4*n**2 - 2. What is the units digit of k(x)?
1
Suppose 2*a - 820 = d, 7*a + 4*d = 11*a - 1640. What is the tens digit of a?
1
Let n be (-10)/((-9)/(27/6)). Suppose -n*z - 15 = -70. What is the tens digit of z?
1
Let c(h) = 2*h**2 - 4*h + 1. Let b be (-21)/(-14)*20/6. Suppose -7*k + 8 = -b*k. What is the tens digit of c(k)?
1
Let g = 125 - -323. What is the units digit of g?
8
Suppose 5*s = 4*s + 2. What is the units digit of -12*(-2)/(8/s)?
6
Suppose 4*b + 17 = f, -3*f - b + 66 = 2*b. Let y = 61 - f. What is the tens digit of y?
4
Suppose -2*k + 9 = -d + 4*d, 5*k - 14 = d. What is the tens digit of 3/(d*((-376)/126 - -3))?
8
Let p = -202 + 477. What is the tens digit of p?
7
Suppose 5*j = 3*j + 8. Suppose -5*w + j*i = -249, 2*w + 14 = 4*i + 104. What is the tens digit of 1 - (-4 - -2 - w)?
5
Let p = 23 + -42. Let c be (-2)/7 + (-26)/7. What is the tens digit of (p/c - 0)*4?
1
Let j(q) = -q**3 - 9*q**2 - 8*q + 1. Let y be j(-8). What is the tens digit of y/(-4) - 1974/(-24)?
8
Suppose 8*k + 8*k - 1456 = 0. Let p = 284 - k. What is the tens digit of p?
9
Let v be -5 + 5 + 0 + 27. Let f(q) = -q**3 - q**2 + 4. Let j be f(0). Suppose -3*m = -j*m - w + 42, -m + v = -2*w. What is the units digit of m?
7
What is the hundreds digit of (-47868)/(-90) + 4/30?
5
Let s(f) = -61*f + 8. Let x be s(-2). Suppose 0*w + w = 0. Suppose -3*v + w*v + 85 = -2*a, a + x = 5*v. What is the units digit of v?
5
Let r be (-1)/((-4)/136*2). Suppose 0 = -4*k + 277 - r. What is the units digit of k?
5
Let y(m) = -m. Let r be y(-6). Suppose 2*o - r = -2*s, -o = -0*o + 5*s - 15. Suppose o = -5*w + 70 + 10. What is the tens digit of w?
1
What is the units digit of 256/5 + 19/(-95)?
1
Let c(u) = u + 28. Let n be c(9). Let f = n - 27. What is the tens digit of f?
1
Let c(s) = -1 + 7 - 24*s + 27*s. What is the units digit of c(8)?
0
Let k = 8 - 4. Suppose k*o = 9*o. Suppose -4*a = -o*a - 28. What is the units digit of a?
7
Suppose -125*c + 122*c + 9 = 0. Suppose a = c*y + 91, 3*a - 10*y = -9*y + 241. What is the units digit of a?
9
Suppose 3*i - 11 = 3*w + 13, 0 = -2*w - 3*i - 16. Let d = 39 - w. What is the tens digit of d?
4
Suppose 451 = -4*j + 1243. Suppose 9*t - j = -27. What is the tens digit of t?
1
Let h(r) = -r**3 + 16*r**2 - 29*r + 6. Let q be h(14). What is the units digit of (-4)/q - (-21)/6?
4
Suppose u = -3*s + 710, -4*u = -2*u - 10. Suppose -s = -5*y + 410. What is the tens digit of y?
2
Let g = -78 + 71. What is the units digit of 21*g/(126/(-48))?
6
Suppose -275*g = -279*g + 8088. What is the tens digit of g?
2
Suppose l - 3*c - 2*c = 40, 4*c = -4*l + 280. What is the tens digit of l?
6
Let z(d) = 191*d + 10. Let o be z(4). Suppose 9*u + 207 = o. What is the tens digit of u?
6
Let a = 32 + -23. What is the units digit of (a/(-15))/(1 - (-12)/(-10))?
3
Let t(f) = -2*f**2 - f - 1. Let l(h) = 25*h**2 + 8*h + 6. Let u(n) = l(n) + 3*t(n). What is the hundreds digit of u(-3)?
1
Let z(c) = c**3 + 6*c**2 - 6*c + 9. Suppose -5*v - 35 = -0*v. Let f be z(v). What is the tens digit of f + (-46 + 1)/(-1)?
4
Let h be 3 - (2 - 2) - 2. Let g(y) = 2 - 24*y**2 + 26*y**2 - 1. What is the units digit of g(h)?
3
Let b(s) = -11*s + 44. Let w be b(-8). Suppose 6*i + w = 936. What is the hundreds digit of i?
1
Suppose 3*n + 15 = -x - 0*x, 0 = -2*x + 2*n + 2. Suppose 4*z = z + 18. Let j = x + z. What is the units digit of j?
3
Suppose -194 = -4*d + 290. What is the tens digit of d?
2
Suppose 24289 = 15*a - 39956. What is the tens digit of a?
8
Let d be (-1 + -4)*15/(-25). Let g(h) = -d*h**2 - 4*h**2 - 2*h**3 + h**2 + 3*h**3 + 4. What is the units digit of g(6)?
4
Let i = -18 + 24. Let l be (-3 - -12)/(i/(-4)). Let j(c) = 2*c**2 + 5*c - 2. What is the units digit of j(l)?
0
What is the units digit of (15/15 - -392) + (-12)/(-2)?
9
Let o(y) = 3*y**2 - 2*y + 5. Let n be o(4). Suppose -3*t - n = -6*t. Suppose -t = -4*h + 33. What is the units digit of h?
2
Suppose -3*g + 4*h + 1 = 8, 4 = 4*h. Let u = 29 - g. What is the units digit of u?
0
Suppose 5*y + 12 = 37, -2*g - 2*y = -10. Suppose g = 4*n + 4*n - 360. What is the units digit of (1*-3)/(n/(-525))?
5
Suppose -4862 = -22*l + 33330. What is the hundreds digit of l?
7
Let m(z) = z**3 - 8*z**2 - 9*z + 26. What is the hundreds digit of m(15)?
4
Let z = 207 + -305. Suppose 2 = -2*i - 2, 6 = 3*n + 3*i. What is the tens digit of n/10 + z/(-5)?
2
Let s(p) = -p - 22. Let r be s(0). What is the units digit of (-202)/r + (-20)/110?
9
Let z be 3*-1 - 0*(-7)/14. What is the tens digit of (-1 - -4)/(z/(-45))?
4
Sup